{"id":62,"date":"2016-09-21T09:19:11","date_gmt":"2016-09-21T12:19:11","guid":{"rendered":"http:\/\/finanancial.wpengine.com\/?page_id=62"},"modified":"2021-12-08T10:11:52","modified_gmt":"2021-12-08T13:11:52","slug":"empresa","status":"publish","type":"page","link":"https:\/\/acglobaltravel.com\/agenciamaritima\/empresa\/","title":{"rendered":"A Empresa"},"content":{"rendered":"<p>[vc_row full_width=&#8221;stretch_row_content_no_spaces&#8221; full_height=&#8221;yes&#8221; content_placement=&#8221;middle&#8221; css_animation=&#8221;none&#8221; bg_type=&#8221;image&#8221; parallax_style=&#8221;vcpb-default&#8221; bg_image_new=&#8221;id^1895|url^http:\/\/acglobaltravel.com\/site\/wp-content\/uploads\/2020\/12\/a-empresa.png|caption^null|alt^null|title^a empresa|description^null&#8221; bg_image_repeat=&#8221;no-repeat&#8221; css=&#8221;.vc_custom_1609351137700{padding-top: 100px !important;padding-bottom: 100px !important;}&#8221;][vc_column][vc_row_inner spacing=&#8221;default_no_spaces&#8221;][vc_column_inner][vc_column_text]<\/p>\n<h2 style=\"text-align: center; color: #fff; font-size: 3.5em; font-weight: bold;\">A EMPRESA<\/h2>\n<p>[\/vc_column_text]<div class=\"ult-just-icon-wrapper  \"><div class=\"align-icon\" style=\"text-align:center;\">\n<a class=\"aio-tooltip 69e897ec1d370\" href=\"#empresa\"  data-toggle=\"tooltip\" data-placement=\"\"><div class=\"aio-icon none \" data-animation=\"bounceInDown\" data-animation-delay=\"03\" style=\"color:#ffffff;font-size:32px;display:inline-block;\">\n\t<i class=\"Defaults-angle-down\"><\/i>\n<\/div><\/a><\/div><\/div>[\/vc_column_inner][\/vc_row_inner][\/vc_column][\/vc_row][vc_row full_width=&#8221;stretch_row_content_no_spaces&#8221; equal_height=&#8221;yes&#8221; css_animation=&#8221;fadeInLeft&#8221; el_class=&#8221;about-section1 vcr_float_right&#8221; css=&#8221;.vc_custom_1609368182605{padding-top: 150px !important;background-position: 0 0 !important;background-repeat: no-repeat !important;}&#8221; el_id=&#8221;empresa&#8221;][vc_column width=&#8221;1\/2&#8243; css=&#8221;.vc_custom_1609366631463{margin-top: 0px !important;margin-bottom: 0px !important;border-bottom-width: 0px !important;padding-top: 0px !important;padding-right: 0px !important;padding-bottom: 0px !important;padding-left: 0px !important;background-image: url(http:\/\/acglobaltravel.com\/site\/wp-content\/uploads\/2020\/12\/Background-Design-The3me-Light-Gray.jpg?id=2119) !important;background-position: center !important;background-repeat: no-repeat !important;background-size: cover !important;}&#8221; offset=&#8221;vc_hidden-md vc_hidden-sm vc_hidden-xs&#8221;][\/vc_column][vc_column width=&#8221;1\/2&#8243; css=&#8221;.vc_custom_1608736491614{padding-top: 0px !important;padding-right: 10% !important;padding-bottom: 0px !important;padding-left: 5% !important;}&#8221; el_class=&#8221;coluna_direita&#8221;]<div class=\"ult-spacer spacer-69e897ec1d3d9\" data-id=\"69e897ec1d3d9\" data-height=\"150\" data-height-mobile=\"0\" data-height-tab=\"40\" data-height-tab-portrait=\"0\" data-height-mobile-landscape=\"0\" style=\"clear:both;display:block;\"><\/div>[vc_row_inner][vc_column_inner][vc_custom_heading text=&#8221;Quem somos&#8221; font_container=&#8221;tag:h2|font_size:35|text_align:left&#8221; use_theme_fonts=&#8221;yes&#8221; el_class=&#8221;titulo_quesomos&#8221;][vc_column_text]<\/p>\n<p style=\"text-align: justify;\">AC Global Travel em sua longa trajet\u00f3ria, iniciou com a empresa AC Executive Travel, realizando transportes corporativos, eventos e atendimentos offshore. A AC Global Travel transformou-se em um grupo s\u00f3lido e diversificado, focado em presta\u00e7\u00e3o de servi\u00e7os portu\u00e1rios, mar\u00edtimos, log\u00edsticos terrestres, turismo \u00e0 nivel nacional e mundial. Hoje, somos uma empresa consolidada no mercado. Nossa matriz est\u00e1 localizada na cidade de Vit\u00f3ria (ES), base operacional em Vila Velha (ES) e nossos clientes contam com a filial no Rio de Janeiro (RJ). Nossos clientes contam com uma equipe de profissionais qualificados, din\u00e2micos, experientes e bil\u00edngue. Com vasta experi\u00eancia no mercado, estamos focados na excel\u00eancia de todos os atendimentos que realizamos. Disp\u00f4mos de uma equipe 24 horas \/ 7 dias por semana.<\/p>\n<p>[\/vc_column_text][\/vc_column_inner][\/vc_row_inner]<div class=\"ult-spacer spacer-69e897ec1d3f7\" data-id=\"69e897ec1d3f7\" data-height=\"150\" data-height-mobile=\"50\" data-height-tab=\"\" data-height-tab-portrait=\"65\" data-height-mobile-landscape=\"0\" style=\"clear:both;display:block;\"><\/div>[\/vc_column][\/vc_row][vc_row full_width=&#8221;stretch_row&#8221; parallax=&#8221;content-moving&#8221; parallax_image=&#8221;79&#8243; css_animation=&#8221;fadeInLeft&#8221; css=&#8221;.vc_custom_1609350642187{padding-top: 14% !important;padding-bottom: 14% !important;}&#8221; el_class=&#8221;skin-highlight-overlay&#8221;][vc_column][vc_row_inner gap=&#8221;30&#8243;][vc_column_inner el_align=&#8221;center&#8221;]<div class='dt-sc-icon-box type6 empresa_mvv no-icon' style='width:100%'><div class=\"icon-content\"><h4>NOSSA MISS\u00c3O<\/h4><p>Conte com a AC Global Travel para fornecer solu\u00e7\u00f5es confi\u00e1veis, consistentes e s\u00f3lidas. Com vasta experi\u00eancia no setor, prestamos um servi\u00e7o de qualidade para nossos clientes, seja no agenciamento mar\u00edtimo, log\u00edstica, assessoria\/consultoria ou atividade portu\u00e1ria, prezando sempre pela confian\u00e7a, transpar\u00eancia e \u00e9tica. Para desempenhar nossa miss\u00e3o com excel\u00eancia, contamos com uma equipe de agentes e log\u00edstica experientes, focados em oferecer o melhor atendimento e solu\u00e7\u00e3o aos nossos clientes. Nosso regime de plant\u00e3o (24 horas), garante que toda e qualquer demanda \u2013 n\u00e3o importa o dia ou hora \u2013 ser\u00e1 recepcionada, direcionada e atendida.<\/p><\/div><\/div>[\/vc_column_inner][\/vc_row_inner][vc_row_inner gap=&#8221;30&#8243;][vc_column_inner el_align=&#8221;center&#8221;]<div class='dt-sc-icon-box type6 empresa_mvv no-icon' style='width:100%'><div class=\"icon-content\"><h4>NOSSA VIS\u00c3O<\/h4><p>Ser reconhecida como a melhor empresa em todos os servi\u00e7os que oferecemos. Proporcionar o melhor para todos os colaboradores que trabalham conosco, transmitindo responsabilidade e credibilidade para nossos clientes, fornecedores e parceiros.<\/p><\/div><\/div>[\/vc_column_inner][\/vc_row_inner][vc_row_inner gap=&#8221;30&#8243;][vc_column_inner el_align=&#8221;center&#8221;]<div class='dt-sc-icon-box type6 empresa_mvv no-icon' style='width:100%'><div class=\"icon-content\"><h4>NOSSOS VALORES<\/h4><p>Manter o comprometimento com as leis, com o meio ambiente, com os colaboradores e com a comunidade na qual estamos inserida.<\/p><\/div><\/div>[\/vc_column_inner][\/vc_row_inner][\/vc_column][\/vc_row][vc_row full_width=&#8221;stretch_row&#8221; css_animation=&#8221;fadeInLeft&#8221; bg_type=&#8221;image&#8221; parallax_style=&#8221;vcpb-default&#8221; bg_image_new=&#8221;id^1657|url^http:\/\/acglobaltravel.com\/site\/wp-content\/uploads\/2020\/12\/credibilidade-1280&#215;720-1.jpeg|caption^null|alt^null|title^credibilidade-1280&#215;720|description^null&#8221; bg_img_attach=&#8221;fixed&#8221; enable_overlay=&#8221;enable_overlay_value&#8221; overlay_color=&#8221;rgba(191,191,191,0.88)&#8221; css=&#8221;.vc_custom_1609350663186{padding-top: 12% !important;padding-bottom: 10% !important;}&#8221; el_class=&#8221;gradient-opacity-overlay&#8221;][vc_column][vc_custom_heading text=&#8221;SOMOS UMA EMPRESA QUE ZELA PELOS<br \/>\nSERVI\u00c7OS QUE REALIZAMOS&#8221; font_container=&#8221;tag:h2|font_size:35|text_align:center|color:%2303355f&#8221; use_theme_fonts=&#8221;yes&#8221; css=&#8221;.vc_custom_1608733192335{margin-bottom: 5px !important;}&#8221; el_class=&#8221;somos_empresa&#8221;][vc_custom_heading text=&#8221;AC Global Travel \u00e9 uma empresa com credibilidade. Conte conosco.<br \/>\nAqui sua empresa ter\u00e1 qualidade nos servi\u00e7os contratados.&#8221; font_container=&#8221;tag:h2|text_align:center|color:%2303355f&#8221; use_theme_fonts=&#8221;yes&#8221; css=&#8221;.vc_custom_1608733203991{margin-bottom: 40px !important;}&#8221; el_class=&#8221;somos_empresa_descricao&#8221;][\/vc_column][\/vc_row]<\/p>\n","protected":false},"excerpt":{"rendered":"<p>[vc_row full_width=&#8221;stretch_row_content_no_spaces&#8221; full_height=&#8221;yes&#8221; content_placement=&#8221;middle&#8221; css_animation=&#8221;none&#8221; bg_type=&#8221;image&#8221; parallax_style=&#8221;vcpb-default&#8221; bg_image_new=&#8221;id^1895|url^http:\/\/acglobaltravel.com\/site\/wp-content\/uploads\/2020\/12\/a-empresa.png|caption^null|alt^null|title^a empresa|description^null&#8221; bg_image_repeat=&#8221;no-repeat&#8221; css=&#8221;.vc_custom_1609351137700{padding-top: 100px !important;padding-bottom: 100px !important;}&#8221;][vc_column][vc_row_inner spacing=&#8221;default_no_spaces&#8221;][vc_column_inner][vc_column_text] A EMPRESA [\/vc_column_text][\/vc_column_inner][\/vc_row_inner][\/vc_column][\/vc_row][vc_row full_width=&#8221;stretch_row_content_no_spaces&#8221; equal_height=&#8221;yes&#8221; css_animation=&#8221;fadeInLeft&#8221; el_class=&#8221;about-section1 vcr_float_right&#8221; css=&#8221;.vc_custom_1609368182605{padding-top: 150px !important;background-position: 0 0 !important;background-repeat: no-repeat !important;}&#8221; el_id=&#8221;empresa&#8221;][vc_column width=&#8221;1\/2&#8243; css=&#8221;.vc_custom_1609366631463{margin-top: 0px !important;margin-bottom: 0px !important;border-bottom-width: 0px !important;padding-top: 0px !important;padding-right: 0px !important;padding-bottom: 0px !important;padding-left: 0px !important;background-image: url(http:\/\/acglobaltravel.com\/site\/wp-content\/uploads\/2020\/12\/Background-Design-The3me-Light-Gray.jpg?id=2119) !important;background-position: center !important;background-repeat: no-repeat !important;background-size: [&hellip;]<\/p>\n","protected":false},"author":1,"featured_media":0,"parent":0,"menu_order":0,"comment_status":"closed","ping_status":"closed","template":"","meta":{"footnotes":""},"_links":{"self":[{"href":"https:\/\/acglobaltravel.com\/agenciamaritima\/wp-json\/wp\/v2\/pages\/62"}],"collection":[{"href":"https:\/\/acglobaltravel.com\/agenciamaritima\/wp-json\/wp\/v2\/pages"}],"about":[{"href":"https:\/\/acglobaltravel.com\/agenciamaritima\/wp-json\/wp\/v2\/types\/page"}],"author":[{"embeddable":true,"href":"https:\/\/acglobaltravel.com\/agenciamaritima\/wp-json\/wp\/v2\/users\/1"}],"replies":[{"embeddable":true,"href":"https:\/\/acglobaltravel.com\/agenciamaritima\/wp-json\/wp\/v2\/comments?post=62"}],"version-history":[{"count":81,"href":"https:\/\/acglobaltravel.com\/agenciamaritima\/wp-json\/wp\/v2\/pages\/62\/revisions"}],"predecessor-version":[{"id":2416,"href":"https:\/\/acglobaltravel.com\/agenciamaritima\/wp-json\/wp\/v2\/pages\/62\/revisions\/2416"}],"wp:attachment":[{"href":"https:\/\/acglobaltravel.com\/agenciamaritima\/wp-json\/wp\/v2\/media?parent=62"}],"curies":[{"name":"wp","href":"https:\/\/api.w.org\/{rel}","templated":true}]}}